 what is 22 - 5?
15
In base 4, what is -100 - 103?
-203
In base 8, what is 2353 - -5?
2360
In base 5, what is 2 + 1311?
1313
In base 5, what is 2004 + 2?
2011
In base 9, what is -1 - -410?
408
In base 6, what is 4 + 121?
125
In base 4, what is 1132 - -3?
1201
In base 11, what is 3 + -a74?
-a71
In base 10, what is -29 + -16?
-45
In base 15, what is -194 - 6?
-19a
In base 3, what is -121 - 1000?
-1121
In base 5, what is 1 + -1303?
-1302
In base 12, what is -3 + -80?
-83
In base 4, what is 10 - -113020?
113030
In base 10, what is -280 + 0?
-280
In base 3, what is -12121220 + 0?
-12121220
In base 11, what is 3 - 402?
-3aa
In base 16, what is -d - 5?
-12
In base 14, what is -267 + -2?
-269
In base 14, what is -9b - 4?
-a1
In base 4, what is 3 + 21231?
21300
In base 11, what is 0 + 46?
46
In base 9, what is -662 + -1?
-663
In base 6, what is 510 + -3?
503
In base 16, what is -9bdd - 3?
-9be0
In base 4, what is -3013 - 0?
-3013
In base 16, what is 3 - 1f?
-1c
In base 12, what is -23 + 3?
-20
In base 14, what is 0 - -c99?
c99
In base 7, what is -115 - 5?
-123
In base 13, what is 21 - -29?
4a
In base 5, what is 1 + -24444?
-24443
In base 3, what is 11 + -2020?
-2002
In base 7, what is -65 + 31?
-34
In base 9, what is -21 - 217?
-238
In base 12, what is -3 - -46?
43
In base 14, what is 1 - 1721?
-1720
In base 3, what is 2221 - 0?
2221
In base 11, what is 5 - 302?
-2a8
In base 15, what is a8b - -3?
a8e
In base 11, what is 3 - -81?
84
In base 15, what is -2 - e0?
-e2
In base 13, what is -12c + 4?
-128
In base 3, what is 120021212 + 10?
120021222
In base 6, what is 3201 - -3?
3204
In base 7, what is -132 + 54?
-45
In base 6, what is -142043 - -2?
-142041
In base 10, what is -1512 + 4?
-1508
In base 7, what is 15 - -1431?
1446
In base 5, what is -4 + 2132?
2123
In base 13, what is 0 + -52?
-52
In base 14, what is 6 + 8?
10
In base 5, what is -34 + 1013?
424
In base 4, what is -211 - 133?
-1010
In base 9, what is 24 - -42?
66
In base 11, what is 13a75 - 1?
13a74
In base 13, what is 3 - -22?
25
In base 16, what is -1 + f7?
f6
In base 10, what is 4 + -13?
-9
In base 5, what is -2002 + -32?
-2034
In base 15, what is -6 + 32?
2b
In base 9, what is -5 + 2321?
2315
In base 15, what is -13 + -68?
-7b
In base 2, what is 0 - -1001001?
1001001
In base 9, what is -83466 - -2?
-83464
In base 15, what is 1 + -1382?
-1381
In base 13, what is 644 + 10?
654
In base 12, what is -11 - -10?
-1
In base 7, what is 603 + 2?
605
In base 2, what is -110 - 11011?
-100001
In base 6, what is -15 - -1251?
1232
In base 8, what is 435 - 3?
432
In base 11, what is -91 - -4?
-88
In base 14, what is 15 + 11?
26
In base 13, what is 2a4 + 0?
2a4
In base 13, what is 1 + -2b2?
-2b1
In base 7, what is 41162 - -2?
41164
In base 9, what is 4 + -288?
-284
In base 9, what is -2 - 124?
-126
In base 15, what is 1 + -893?
-892
In base 6, what is 1 - 5?
-4
In base 6, what is 41234 - 0?
41234
In base 13, what is a + 3a?
47
In base 8, what is -763 + 5?
-756
In base 15, what is -51 - 2?
-53
In base 13, what is -7 - 10?
-17
In base 3, what is 10 + -210?
-200
In base 9, what is 7 + 2854?
2862
In base 8, what is -120 - 5?
-125
In base 2, what is 11111 - -11?
100010
In base 9, what is -5134 + 4?
-5130
In base 16, what is -2 - -c1c?
c1a
In base 5, what is 2 + -1012?
-1010
In base 4, what is 32 + 3?
101
In base 16, what is -5 + 74?
6f
In base 3, what is -1212 - -1101?
-111
In base 16, what is 2 + a9?
ab
In base 13, what is 2 + -346?
-344
In base 11, what is -17a + 0?
-17a
In base 4, what is -11 + 130?
113
In base 15, what is -39 + -24?
-5d
In base 15, what is 0 - -30b?
30b
In base 3, what is -1 - 120?
-121
In base 5, what is -30 - -2304?
2224
In base 9, what is -10 - 3670?
-3680
In base 3, what is -2100220 - 10?
-2101000
In base 11, what is -1 + -21?
-22
In base 3, what is 0 - 11100?
-11100
In base 13, what is 8 + -1916?
-190b
In base 4, what is 33 - -1311?
2010
In base 2, what is 11 - 11010111?
-11010100
In base 15, what is -1 - 587?
-588
In base 15, what is 49 + -3?
46
In base 6, what is 5135 + 0?
5135
In base 10, what is -767 - 9?
-776
In base 9, what is -7 - -64?
56
In base 9, what is -132 - 5?
-137
In base 2, what is 1 - 11010101?
-11010100
In base 11, what is 62 + 27?
89
In base 8, what is 30 - 1174?
-1144
In base 9, what is -1503 + -6?
-1510
In base 11, what is 6309 - 4?
6305
In base 16, what is -3 + -13e?
-141
In base 15, what is -78 + -1?
-79
In base 12, what is -50 + 1?
-4b
In base 16, what is 3 - 36?
-33
In base 13, what is 5 + 25c?
264
In base 12, what is 220 - 2?
21a
In base 9, what is 1 + 12?
13
In base 7, what is -3 - -2262?
2256
In base 8, what is 244 - -2?
246
In base 14, what is -5a + 8?
-52
In base 8, what is -37 + -2?
-41
In base 8, what is -2 + -2210?
-2212
In base 7, what is 5 - 216?
-211
In base 6, what is -43 - 313?
-400
In base 11, what is 2 - -24?
26
In base 2, what is 1000 + -10111001000?
-10111000000
In base 13, what is -42 + 30?
-12
In base 9, what is -64 + 110?
35
In base 15, what is -3 + b3?
b0
In base 2, what is -110010100 + 101?
-110001111
In base 4, what is 22 - 1330?
-1302
In base 16, what is 125 - -6?
12b
In base 16, what is -373 + 3?
-370
In base 9, what is -4 + -120?
-124
In base 15, what is 3 + 37?
3a
In base 14, what is 5b7 - 5?
5b2
In base 16, what is 28 + 11e?
146
In base 16, what is 6ca - 2?
6c8
In base 13, what is 1 - 55?
-54
In base 9, what is -10 + -17?
-27
In base 15, what is 9 - -d6?
e0
In base 13, what is -1b4 - -5?
-1ac
In base 11, what is 8 - 10?
-3
In base 10, what is 5 - -3107?
3112
In base 15, what is -e6 + 2?
-e4
In base 16, what is ef - 3?
ec
In base 9, what is -123 + -114?
-237
In base 9, what is 642 + 1?
643
In base 8, what is 303 + 7?
312
In base 9, what is 36 + -25?
11
In base 16, what is -3e8e - 4?
-3e92
In base 4, what is -133332 + 2?
-133330
In base 10, what is -1876 + 5?
-1871
In base 12, what is b - -37?
46
In base 7, what is 11 + 26?
40
In base 16, what is -2 - 1be?
-1c0
In base 13, what is -a7 - -1c?
-88
In base 3, what is 200 + -1?
122
In base 13, what is -1 + 1426?
1425
In base 12, what is -91b + 3?
-918
In base 10, what is -83 - -9?
-74
In base 2, what is -110110001010 - -11?
-110110000111
In base 15, what is 1 - -32a?
32b
In base 2, what is 110110100 - -100?
110111000
In base 6, what is 205 + -2?
203
In base 12, what is 8 + -4?
4
In base 2, what is -10011100 - -1?
-10011011
In base 2, what is 10100 - -11?
10111
In base 14, what is 55 + d?
64
In base 9, what is -14 + -384?
-408
In base 13, what is -3a - 1b?
-58
In base 7, what is 1 + 110?
111
In base 12, what is -9b + -25?
-104
In base 8, what is 365 + 4?
371
In base 9, what is -200 + 22?
-167
In base 11, what is -4 - 2a?
-33
In base 5, what is 132 + -13?
114
In base 8, what is -33467 + -4?
-33473
In base 8, what is 11 - 6?
3
In base 7, what is -31 + 0?
-31
In base 2, what is -1010000 + 11?
-1001101
In base 13, what is 2 - -6?
8
In base 4, what is 201221 - -13?
201300
In base 8, what is 75 + 21?
116
In base 2, what is -10 - 1000100100?
-1000100110
In base 9, what is -1 - 14?
-15
In base 15, what is -14 + -7?
-1b
In base 14, what is -1a + -5?
-21
In base 6, what is 0 - -10405?
10405
In base 13, what is -19 - -34?
18
In base 4, what is -12 + 112?
100
In base 4, what is -10 + 20103?
20033
In base 9, what is -438 - -1?
-437
In base 12, what is 8 - -13?
1b
In base 10, what is 5 - 104?
-99
In base 5, what is -2113 + 140?
-1423
In base 5, what is 3 + -1121?
-1113
In base 16, what is 54 - 33?
21
In base 4, what is 332311 + 10?
332321
In base 6, what is -1211 + 21?
-1150
In base 16, what is 56 + -c?
4a
In base 9, what is -4 - -1038?
1034
In base 16, what is -1f + -8?
-27
In base 13, what is -b56 + 5?
-b51
In base 3, what is 1210211 - -12?
1211000
In base 6, what is 1033 + -3?
1030
In base 4, what is 1 + 230?
231
In base 16, what is 2 + 24?
26
In base 16, what is a06a - -3?
a06d
In base 11, what is 2152 - -5?
2157
In base 14, what is 1920 + 0?
1920
In base 11, what is 7 + -1?
6
In base 5, what is -34 + -142?
-231
In base 5, what is -223 - -31?
-142
In base 11, what is -4 + 7a6?
7a2
In base 13, what is -5c1 - -4?
-5ba
In base 10, what is -1227 - -1?
-1226
In base 15, what is -1e7a + 5?
-1e75
In base 9, what is 12 + 63?
75
In base 2, what is -11 - 111?
-1010
In base 4, what is -2 + 323?
321
In base 1